hen z(5) is divided by 14?
11
Let w be 26/10 + 4/10. Let c = w - -3. Calculate the remainder when 5/(-15)*1*-33 is divided by c.
5
What is the remainder when ((-16)/6)/(1/(-3)) is divided by ((-4)/(-12))/((-2)/(-30))?
3
Suppose -19*q + 14 = -765. What is the remainder when q is divided by 2/5 + 146/10?
11
Let a(z) = z**2 + 14*z - 38. Calculate the remainder when 100 is divided by a(-18).
32
What is the remainder when 39 is divided by (-16)/(-6)*165/44?
9
Let f(h) = 48*h**2 - 3*h - 2. Calculate the remainder when f(-1) is divided by 13.
10
Let l = 0 + 17. Calculate the remainder when 32 is divided by l.
15
Let w(c) = c**2 + 1. Calculate the remainder when 33 is divided by w(-4).
16
Let x = -19 + 32. Calculate the remainder when 35 is divided by x.
9
Let g(i) be the second derivative of i**4/4 + i**3/2 - i**2 + 3*i. Suppose 5*w = -9 - 11. What is the remainder when g(w) is divided by 12?
10
Let t be (-594)/(-21) + 6/(-21). Suppose -2*n + t = 2*n. What is the remainder when 19 is divided by n?
5
Let y be 10/(-3)*(-27)/15. What is the remainder when 16 is divided by (y/(-5))/((-10)/75)?
7
Suppose j - 6 = -j - v, 3*j + 4*v - 14 = 0. Suppose -b - 3*d = -d - 16, 0 = j*b - 2*d - 20. What is the remainder when 22 is divided by b?
10
Suppose 9 + 0 = 3*c. What is the remainder when c is divided by 1?
0
Let t be 3142/26 - (-8)/52. Suppose f = 5*p - t, -2*p + 62 = -3*f + 6*f. Calculate the remainder when 74 is divided by p.
24
Suppose 3*v = v - 3*k + 47, -108 = -3*v + 3*k. Let t = 15 - 4. What is the remainder when v is divided by t?
9
Let k(t) = 50*t**3 + t**2 - 2*t + 1. Calculate the remainder when k(1) is divided by 13.
11
Suppose 5*g - 60 = -0*g. What is the remainder when 20 is divided by g?
8
Suppose 5*u - 184 = 6. Calculate the remainder when u is divided by 13.
12
What is the remainder when 22 is divided by 6 - (0 + -1)*-2*-1?
6
Let c = -13 + 29. What is the remainder when 31 is divided by c?
15
Let f be 2/8 - (-1932)/16. Suppose -5*i + 136 = -r - 8, -4*i + f = 5*r. What is the remainder when i is divided by (-4)/(-10) + 190/25?
5
Let j = -1 + 6. Suppose -a = -5, -3*v + j*a - 69 = 1. Let h = 1 - v. What is the remainder when h is divided by 6?
4
Suppose 2*a - a + 2 = 0. What is the remainder when 8 is divided by ((-15)/(-12) + a)*-4?
2
Suppose 0*q + q = 6. Calculate the remainder when q/(-18) - 44/(-6) is divided by 4.
3
Let d = 24 - 9. What is the remainder when (3 + (-39)/d)*95 is divided by 8?
6
Suppose -12 - 8 = -2*y. What is the remainder when 39 is divided by y?
9
Suppose 0 = -u + 6*u - 25. Suppose u*c - 230 = -2*n - 0*n, 4*c = -5*n + 201. Suppose 0 = 3*r - 7*r + c. Calculate the remainder when r is divided by 4.
3
Suppose -3*z + 5*z - 3*m - 18 = 0, 2*m = -5*z + 83. Suppose 0*n + z = n. Calculate the remainder when 12/(-10)*(-220)/6 is divided by n.
14
Let p(r) = -r**2 - 7*r - 6. Let s be p(-5). Suppose s*g - 77 = 7. Calculate the remainder when 40 is divided by g.
19
Let x be 9/6 - (-3)/6. Let l = 27 - x. Calculate the remainder when l is divided by 7.
4
Suppose -5*s + 8 = -2. Suppose k + s*k - 105 = 0. Calculate the remainder when k is divided by 9.
8
Let j = 23 - 19. Let p be 22/6 + (-2)/3. Suppose -4*d + 18 = -5*h, j*d - h = -p*h + 32. What is the remainder when 20 is divided by d?
6
Suppose 5*o + 40 = -5*d, 0*d - d = -o - 6. Let l = o - -11. Suppose -4*f - m - 3*m = -100, 0 = -4*m + l. Calculate the remainder when 70 is divided by f.
22
Suppose -17 = -3*q + 4*a, 2*a = -q - 0*a - 1. What is the remainder when 28 is divided by (-5)/((-5)/12) + q?
13
Suppose 2*h - 4*h = 0. Suppose h*v - 44 = -4*v. What is the remainder when 32 is divided by v?
10
Suppose -i = -0*i - 4, -3*i + 41 = y. What is the remainder when y is divided by (15 + -21)*8/(-3)?
13
Suppose -24 = -2*j + 3*a, -j - 4*j + a = -73. Let x(s) = -s**3 - 2*s**2 + 4. What is the remainder when j is divided by x(-2)?
3
Let i(n) = n**3 + n**2 + 4. Let t = 5 + -5. Let o be i(t). Suppose -2*p + o*z + 86 = 0, -3*z = 3*p - 6*z - 114. What is the remainder when p is divided by 17?
16
Let q(l) = l**2 - 2*l - 26. Suppose 0 = -3*d - 3*j - 14 + 47, -3 = 3*j. Calculate the remainder when q(-6) is divided by d.
10
Let t = 5 + -3. Suppose 3*v + 54 = 3*n, -5*n - t*v + 51 = -18. What is the remainder when n is divided by (-2)/12 - (-259)/42?
3
Let l(v) be the first derivative of 19*v**2/2 + v + 2. Let i(y) = -y**3 + 4*y**2 + 6*y + 6. What is the remainder when l(1) is divided by i(5)?
9
Let n = 32 - 17. What is the remainder when n is divided by 6?
3
Suppose -27 + 8 = 2*m - 5*b, 1 = 2*m - b. What is the remainder when 11 is divided by m?
2
Let r(v) = -2*v**2 + 2*v + 2. Let o be r(2). Calculate the remainder when 8 - (o + (-2 - -6)) is divided by 5.
1
Suppose 0 = 3*n + 6*n - 72. Calculate the remainder when 20 is divided by n.
4
Let y = 3 + 15. Let a(v) = -2*v**3 - 5*v**2 + 4. What is the remainder when a(-4) is divided by y?
16
Let j = -17 - -33. Suppose d + 2 = 3*d. Let r(v) = 45*v**3 + 2*v**2 - 2*v + 1. Calculate the remainder when r(d) is divided by j.
14
What is the remainder when 82 is divided by (18/(-45))/(4/(-430))?
39
Let c = 110 - 69. What is the remainder when c is divided by 3?
2
Let q = -10 - 16. Let c = q + 48. Calculate the remainder when c is divided by 9 + (-3 - 0)/3.
6
Suppose -s + 21 = -4*s. Let k(t) = t**2 + 5*t - 4. Calculate the remainder when k(s) is divided by 6.
4
What is the remainder when 5 is divided by 8/(-3)*6/(-4)?
1
Let j = -15 + 31. Let k = j + 13. Calculate the remainder when k is divided by 16.
13
Let c(d) = 2*d**3 - 3*d**2 - 4*d + 2. Calculate the remainder when c(3) is divided by 10.
7
Suppose 4*y = 5*y. Let p = 6 - y. Let f = p + 2. What is the remainder when 14 is divided by f?
6
Let h(p) be the second derivative of 5*p**4/12 - p**3/3 - p**2 + 4*p. What is the remainder when h(2) is divided by 6?
2
Suppose 6*r - 66 = -5*r. Let l(x) = 3*x - 2. What is the remainder when l(6) is divided by r?
4
Let f be 1 - (1 - 0)*-2. Suppose 4*y + u - 141 = -y, 0 = 3*y - u - 83. Suppose 0*n - 3*n = 5*r - 50, f*n + y = r. What is the remainder when 37 is divided by r?
11
What is the remainder when 140 is divided by ((-214)/(-3))/2 - 2/(-6)?
32
Suppose -5*q - 540 = -5*g, 3*q - 59 - 49 = -g. Calculate the remainder when g is divided by 28.
24
Suppose 5*d - 11 = 4, 0 = -3*x - 3*d + 306. Calculate the remainder when x is divided by 34.
31
Let w(o) = -5 - 3 - 30*o + 37*o. Let n = 18 - 6. What is the remainder when w(6) is divided by n?
10
Suppose 0*j = -j + 4. What is the remainder when 18 is divided by (5/j)/((-2)/(-8))?
3
Suppose -54 = -3*u - 3*t, 0*t + 90 = 5*u + 4*t. Let j be (-4)/u - (-60)/27. What is the remainder when 51 + (0 - (j + -1)) is divided by 17?
16
Let q = 34 + -19. What is the remainder when q is divided by 5?
0
Let m(y) = -5*y + 2. What is the remainder when 2 - (-10)/2*4 is divided by m(-2)?
10
Let d be 25/10 - 2/4. Calculate the remainder when 3 is divided by ((-6)/9)/(d/(-6)).
1
Let d be (-11 - -1)/(2/3). Let f(j) = -2*j + 5. Let p be f(-8). Let u = p + d. Calculate the remainder when 23 is divided by u.
5
Let j be -1*(-1)/((-2)/(-82)). Suppose 4*q + 35 = -j. Let c = q - -31. What is the remainder when c is divided by 7?
5
Suppose -5*c - 12 = -262. Suppose -4*r + 19 = q, 10*q = 5*r + 5*q - 55. Let f = 23 - r. What is the remainder when c is divided by f?
16
Suppose -5*g + 13 + 287 = 2*l, 180 = 3*g + 5*l. Calculate the remainder when g is divided by 31.
29
Let m(r) = 3*r**2 + 6*r - 5. What is the remainder when 32 is divided by m(-4)?
13
Let i be (-3 - -1)/(3/(-6)). Suppose 0*h = i*h - 204. Calculate the remainder when h is divided by 13.
12
Let m = 3 - -8. Let i = -58 - -15. Let u = -23 - i. What is the remainder when u is divided by m?
9
Suppose 5*a - 529 = 26. Calculate the remainder when a is divided by 19.
16
Let y(d) = -d**2 - d. Let r be y(-2). Let w be (-18)/(r*3/6). What is the remainder when 40/w + (-2)/9 is divided by 2?
0
Suppose -1 = -m + 3. Let x = 5 + 1. Calculate the remainder when x is divided by m.
2
Let p = 27 - 9. Calculate the remainder when 88 is divided by p.
16
Let z = 5 + -2. Suppose -4*y + 5*a + 11 = -9, z*y - 3*a = 15. Suppose 0 = -y*q - 1 + 21. What is the remainder when q is divided by 3?
1
Suppose -4*k = k. Let y = 0 + k. Suppose